on factor of 3136813 and 1112?
139
What is the greatest common divisor of 1851795 and 6380?
1595
What is the greatest common divisor of 2622 and 1665246?
138
Calculate the greatest common divisor of 416 and 3009240.
104
What is the greatest common divisor of 17238312 and 22113?
2457
What is the highest common divisor of 17926 and 567985310?
17926
Calculate the highest common factor of 2016 and 36568.
56
What is the greatest common factor of 4394 and 751660?
26
Calculate the highest common factor of 2620 and 1345108.
524
Calculate the greatest common divisor of 1705 and 2848835.
55
What is the greatest common divisor of 58558 and 584407?
23
What is the highest common divisor of 3680688 and 8448?
528
What is the greatest common divisor of 1751 and 119523260?
1751
What is the greatest common divisor of 8747 and 67?
1
What is the greatest common divisor of 491213240 and 8?
8
What is the highest common divisor of 289182634 and 282?
94
Calculate the highest common factor of 15275659 and 7431.
2477
What is the greatest common factor of 4828 and 267172?
68
What is the greatest common divisor of 14487279 and 6?
3
What is the highest common divisor of 13400 and 1121600?
200
Calculate the highest common divisor of 24624184 and 24.
8
What is the highest common divisor of 1240 and 81731128?
248
What is the greatest common divisor of 2650784296 and 2312?
2312
Calculate the highest common factor of 31050 and 39600.
450
Calculate the greatest common factor of 2425423 and 789898.
2423
What is the greatest common factor of 7232 and 676644?
452
Calculate the greatest common divisor of 520 and 2705240.
40
What is the greatest common divisor of 3330 and 535100?
10
Calculate the highest common divisor of 216832 and 175504.
112
What is the greatest common divisor of 53404418 and 24370?
4874
Calculate the greatest common divisor of 365275 and 5225.
475
What is the greatest common divisor of 580 and 20594060?
580
Calculate the greatest common divisor of 14378381 and 69.
23
Calculate the greatest common divisor of 10824433 and 32680.
817
Calculate the highest common factor of 166294 and 2276.
2
What is the greatest common factor of 859537 and 108562?
527
Calculate the greatest common factor of 890 and 938466730.
890
Calculate the highest common factor of 2690974 and 10.
2
What is the highest common divisor of 765 and 23641305?
255
What is the greatest common divisor of 689923404 and 12?
12
Calculate the highest common factor of 6944136 and 3.
3
What is the highest common factor of 5397881 and 8509?
127
What is the greatest common factor of 10408 and 1110112076?
5204
What is the highest common divisor of 68864 and 809728?
256
Calculate the greatest common divisor of 1458 and 653472.
18
What is the highest common factor of 159010564 and 536?
268
Calculate the highest common factor of 8793 and 3439971081.
8793
Calculate the greatest common divisor of 40 and 889399770.
10
Calculate the highest common factor of 47776 and 17214290.
2986
What is the greatest common factor of 143340 and 524?
4
What is the highest common divisor of 289032 and 588?
12
Calculate the highest common factor of 1180467 and 6912.
27
What is the greatest common divisor of 11214028 and 7?
7
Calculate the highest common factor of 36035033 and 35009.
2693
Calculate the highest common factor of 11352 and 41426088.
264
What is the greatest common factor of 2361 and 447?
3
Calculate the highest common divisor of 28 and 36446354.
14
What is the greatest common divisor of 147008 and 1744?
16
Calculate the highest common factor of 4331562 and 148938.
618
What is the greatest common divisor of 3647858 and 5140?
514
What is the highest common divisor of 7448 and 20188?
196
What is the highest common factor of 239289689 and 12776?
1597
What is the highest common divisor of 10376532 and 378?
54
What is the greatest common divisor of 7304 and 32162251?
913
Calculate the highest common factor of 55 and 41109235.
5
What is the greatest common divisor of 479711 and 2806?
23
What is the greatest common divisor of 584 and 137287742?
146
Calculate the highest common factor of 352975 and 16136.
2017
What is the greatest common divisor of 29891 and 312803?
421
Calculate the highest common factor of 64387 and 14673.
67
What is the highest common divisor of 26 and 22784606?
26
Calculate the greatest common divisor of 6160 and 23178540.
1540
What is the highest common factor of 260 and 49981230?
130
What is the greatest common divisor of 2751 and 66669568?
917
Calculate the highest common divisor of 21607 and 182311.
31
Calculate the highest common divisor of 72 and 13927932.
36
What is the greatest common factor of 59450 and 2877790?
410
Calculate the greatest common divisor of 52 and 1956035588.
52
Calculate the greatest common factor of 2993 and 309593.
73
What is the highest common factor of 4519610 and 165?
5
What is the greatest common divisor of 8480070 and 270?
90
Calculate the greatest common factor of 20 and 1704876990.
10
What is the highest common divisor of 714 and 545173?
17
Calculate the highest common divisor of 15575 and 6330125.
2225
What is the greatest common divisor of 150 and 654702150?
150
What is the highest common divisor of 4105218 and 52?
26
Calculate the greatest common factor of 36 and 3883185.
9
What is the highest common divisor of 6240 and 86432800?
160
What is the highest common factor of 1898433 and 2331?
333
What is the greatest common factor of 178 and 930123425?
89
Calculate the greatest common divisor of 1106 and 316882272.
1106
Calculate the highest common divisor of 4705521 and 1767.
1767
Calculate the greatest common divisor of 55438549 and 2177.
311
Calculate the highest common divisor of 12374116 and 1212.
404
What is the greatest common factor of 6522 and 243311906?
2174
What is the highest common factor of 148736 and 6471178?
1162
What is the greatest common factor of 2177778582 and 11718?
11718
What is the greatest common divisor of 21 and 245933765?
7
Calculate the greatest common divisor of 24614839 and 1.
1
What is the highest common factor of 24618818 and 159?
53
Calculate the highest common divisor of 171898120 and 320.
40
Calculate the highest common divisor of 357 and 6420849.
51
What is the greatest common divisor of 340639200 and 759?
759
Calculate the greatest common divisor of 414 and 35217876.
138
What is the highest common factor of 3132 and 14281572?
348
What is the highest common divisor of 209 and 21527?
209
Calculate the highest common factor of 33 and 16897287.
33
What is the highest common divisor of 696 and 13384752?
24
Calculate the greatest common factor of 1192025 and 1975.
25
What is the greatest common factor of 140859 and 2463129?
3807
What is the highest common factor of 41696050 and 4136?
1034
What is the highest common divisor of 810 and 1678620?
30
Calculate the greatest common factor of 39 and 342794556.
39
What is the greatest common factor of 196 and 29287?
1
What is the highest common factor of 7542 and 18478738?
838
What is the highest common divisor of 446208 and 1827?
21
What is the highest common factor of 3515064 and 11172?
588
What is the highest common factor of 42 and 457829022?
42
Calculate the highest common factor of 846453 and 158523.
2991
What is the highest common factor of 687 and 1576938?
3
Calculate the greatest common divisor of 5829 and 160491800.
1943
What is the greatest common factor of 2244 and 648720?
204
Calculate the greatest common factor of 160 and 191581380.
20
What is the greatest common divisor of 28852545 and 285?
285
What is the highest common factor of 10380 and 1410840?
60
Calculate the highest common divisor of 20835 and 146295.
45
Calculate the highest common factor of 31 and 396407261.
31
Calculate the greatest common divisor of 6520124 and 676.
52
What is the highest common factor of 451907817 and 1359?
453
Calculate the highest common divisor of 2157918 and 7812.
42
Calculate the highest common divisor of 5388557 and 4819.
61
Calculate the highest common divisor of 3628502 and 81483.
173
Calculate the greatest common factor of 6 and 18704.
2
Calculate the highest common divisor of 88 and 7865957.
11
Calculate the highest common factor of 252737041 and 115.
23
What is the greatest common divisor of 108833